8 = 6*b + 18 - 20. Calculate r(b).
-5
Suppose -4614*u + 153 = -4563*u. Let w(r) = 49*r - 149. Give w(u).
-2
Let l(n) be the third derivative of -n**6/120 + n**4/24 + n**3/3 + 55*n**2. Let k(d) = -d**3 + 5*d**2 - 3*d - 6. Let s be k(4). Give l(s).
8
Let m(j) = -j**3 - 7*j**2 + j + 4. Let v = 85 + -59. Suppose -4*i - i - s = 33, s + v = -4*i. Calculate m(i).
-3
Let v(t) = t**2 + 193*t + 7825. Let h be v(-58). Let d(w) be the first derivative of 3*w**2/2 + 12*w - 1. Determine d(h).
-3
Let k(f) = -2*f**3 + 7*f**2 + 10*f + 20. Let x be k(5). Let b(d) = d**2 + 11*d + 10. Determine b(x).
-20
Let l = 33919 + -33905. Let m(z) = z**3 - 13*z**2 - 18*z + 59. Calculate m(l).
3
Let n = -976 + 981. Let g(r) = r**3 + 4*r**2 - 46*r + 4. What is g(n)?
-1
Let t be ((-6)/4)/(-2*6/56). Suppose t*h - 91 = -0*h. Suppose -2*y + h = 11*y. Let o(l) = 9*l**3 - 2*l**2 + 1. What is o(y)?
8
Let r(d) = 7*d - 1. Suppose 3*m = -4*q - 8 + 1, -3*q = 4*m + 14. Let g be m*(3 - (-80)/(-25)). Give r(g).
6
Let l(f) = f**2 - 3*f - 2. Suppose 5*h - 83*z = -85*z + 80, -39 = -h - 5*z. Suppose -5*m + 30 + 10 = 0. Let n be m/(-10)*(-35)/h. Determine l(n).
-4
Let c(z) be the first derivative of -z**5/20 - z**4/2 - z**3/2 - 3*z**2/2 + 199*z + 192. Let u(i) be the first derivative of c(i). Calculate u(-6).
15
Let z(f) = -288*f**3 - 68*f + 29*f + 158 - 8*f**2 - 2*f**2 - 147 + 289*f**3. Give z(13).
11
Let p(r) = r**2 + 2*r - 7. Let c be p(-5). Let z be (-2)/((-18)/70 - (-7)/(-49)). Suppose -c*b = -z*b. Let i(y) = y**3 - y**2 + 15. Determine i(b).
15
Let u(v) be the first derivative of 4*v**2 - 27*v + 1422. Give u(6).
21
Let d(a) be the second derivative of a**5/20 - 5*a**4/12 - a**3 + 6*a**2 - 5736*a. What is d(4)?
-28
Let y be (0/5)/(0 + -1 + 2). Suppose -7 - 8 = 3*a + 3*b, y = 4*a + 5*b + 25. Let f(j) = -j**2 + j - 10. Determine f(a).
-10
Let y(s) = 7*s**2 - 3*s - 13. Let u(t) = 4*t**2 + 2*t. Let q(a) = 2*u(a) - y(a). What is q(-6)?
7
Suppose 2*m - 22*m + 100 = 0. Suppose -m*j - 355 = -5*s, -2*j = 5*s - j - 343. Let o(w) = -s + 73 + 3*w - 4*w. Give o(-4).
8
Let o(t) = 3*t**3 + 6*t**2. Let g(w) = 5*w**3 + 10*w**2 - 1. Let q = -25 + 21. Let x(s) = q*g(s) + 7*o(s). What is x(-3)?
-5
Let m(w) = 2*w**2 + 3*w - 3. Let q(p) = 3*p**2 + p - 8. Let r be (1*-3)/(5/((-80)/(-24))). Let u be q(r). Suppose -3*v - 15 = u*v. Give m(v).
6
Let x be (-1)/((-5)/(8 + 2) - 0). Let v(y) = -5*y**x + 36*y**2 - 7*y - 21*y**2 - 11*y**2 - 3. Suppose -5*l + 3*j = 36, -l - l - 4*j - 4 = 0. What is v(l)?
3
Let s(a) = -a**2 - 3*a - 1. Let f = 1400 - 852. Let o = -553 + f. Give s(o).
-11
Let a(k) = 34*k + 3. Let m(b) = 408*b + 33. Let o(t) = -25*a(t) + 2*m(t). Give o(-3).
93
Let q(l) be the first derivative of 3*l**2/2 + 11*l - 12564. Give q(-4).
-1
Let c be -1*(-7 - -10)*211/(-3). Let q = 205 - c. Let l(k) = -k**2 - 6*k - 5. Give l(q).
-5
Let n(v) = -2*v - 2*v**3 - 20*v**2 + 22*v**2 - v + 9 - 6 + 6*v. Give n(-2).
21
Let o(y) = -y**2 - 4*y + 4. Let m(c) = -c**3 + 10*c + 6*c - 28*c + 7 + 13*c**2. Let i be m(12). Suppose -16 + 51 = -i*p. Give o(p).
-1
Let z = -5440 + 5447. Let n(m) = 8*m**2 - 59*m + 16. Calculate n(z).
-5
Let x(a) = 12 + 8*a**2 + 6954*a**3 + 6954*a**3 - 13907*a**3 + 9*a. Determine x(-7).
-2
Let s(t) be the third derivative of -t**6/120 - t**5/10 - t**4/24 - 3*t**3/2 - 1501*t**2. Give s(-6).
-3
Let s be (-270)/65 - (-6)/39 - (-32 + 36). Let p(g) = 3*g + 27. Determine p(s).
3
Suppose -x - 5*r + 21 = 0, -2*r = -2*x - 3*x + 24. Suppose 84 = x*b + b. Suppose -b = 8*w - 52. Let z(h) = h**3 - 6*h**2 + 4*h - 1. Determine z(w).
-6
Let a = -6074 - -6063. Let i(d) = d - 21. Calculate i(a).
-32
Let v(n) = -n**2 - 11*n. Let m be v(-11). Suppose 4*y + 76 + 28 = m. Let g be -1 + -3 - y/13. Let z(t) = t**3 + 2*t**2 + t + 2. Determine z(g).
0
Let n(d) = -d**2 + 5*d - 3. Suppose -12*o - r = -10*o - 868, 5*o + 2*r - 2172 = 0. Let u = o + -433. Give n(u).
3
Let f(t) = t + 5. Suppose 0 = 3*y - 7*y + 2*x + 12, -4*y = -4*x - 16. Suppose -15 = y*o - 23. Calculate f(o).
9
Let j(b) = b**2 + b + 2. Let n(w) = w - 10. Let o be n(7). Let g be (12/8)/(o/(-6)). Suppose -5*r + 2 = -z, g + 1 = -2*z. Give j(r).
2
Let u(v) = 16*v - 127. Suppose 0 = 38*n + 621 - 925. What is u(n)?
1
Let m = -231 + 269. Suppose -35 + m = -i. Let d(s) = -2*s + 5. Calculate d(i).
11
Suppose 4*b + 2*k - 23 = -3*k, k - 3 = 0. Let s(a) = -5 + 0 - 25*a - 3*a**b + 2*a**2 + 17*a. Suppose -8*d = -11*d - 18. Give s(d).
7
Let r(m) = -m**3 + 9*m**2 - 9*m + 9. Let z(k) = 3*k**2 - 12*k + 9. Let q be z(6). Suppose 27*x + 144 = q*x. What is r(x)?
1
Let u be 5*(1/10 + 504/(-720)). Let o(q) = q**2 + q - 5. Determine o(u).
1
Let u(f) be the first derivative of 12*f + 3*f**3 + 130 - 1/4*f**4 - 13/2*f**2. Determine u(8).
-28
Let k(c) = c**3 + 13*c**2 + 13*c - 12. Let a = -1472 + 1460. What is k(a)?
-24
Let i = -4 + 1. Let a(o) = -5 - 14*o - 7 - 2 + 6*o + 7. Let z(r) = -3*r - 2. Let f(q) = -a(q) + 3*z(q). Give f(i).
4
Suppose -39*n - 137 + 215 = 0. Let p(k) = 32*k - 9. Determine p(n).
55
Let n(g) be the first derivative of 7*g**3/3 - 8*g**2 + 5*g + 198. Let x be n(2). Let o(y) = -17*y + 2. Determine o(x).
-15
Let s(b) = 1795*b + 1771*b - b**2 - 3545*b - 70. Determine s(5).
10
Let v(r) = r - 3. Let t(i) = -i**2 - 6*i + 16. Let o(f) = -2*t(f) - 11*v(f). Suppose -213 = 2*p + 235. Let z = p + 222. Give o(z).
7
Let c(n) = n**3 - 71*n**2 - 13*n - 83. Let f(l) = -l**3 - 72*l**2 - 14*l - 102. Let r(t) = 3*c(t) - 2*f(t). What is r(14)?
-3
Let u(r) = 37 + 33 + 34 - 135 - r + 31. Suppose -8 = -5*s + 3*s. What is u(s)?
-4
Suppose 370 = -5*x + 5*p + 290, 3*x = -3*p - 30. Let h(o) = -13*o - 181. Give h(x).
-12
Let r(m) = 457*m**2 - 2*m - 1. Let s be r(-1). Let u(q) = -218*q - 5 + s*q - 232*q. Calculate u(1).
3
Let q(m) = 3809*m**2 - 1893*m**2 - 28 - 52*m - 1913*m**2. Give q(18).
8
Suppose 11*w + 72 = 19*w. Let j(r) = 6*r**2 - r + 2. Let i(h) = -13*h**2 + 2*h - 4. Let s(l) = w*j(l) + 4*i(l). What is s(-2)?
12
Let h(u) = u**2 + 1. Let s(j) = 2*j**2 + 3. Let z(g) = 5*h(g) - 2*s(g). Let l(v) = 2*v**2 - v - 3. Let c(p) = 3*l(p) - 5*z(p). Give c(4).
0
Let h(l) = 12*l + 5. Suppose -2*r = 5*y + 16 + 7, 4*y + 23 = 3*r. Give h(y).
-55
Let n(i) = 35*i**2 - 24*i + 4. Let c(h) = 26*h**2 - 18*h + 3. Let r(m) = 4*c(m) - 3*n(m). Let o be 3 - (2 + 0) - -2. Let b be 4/(-6)*3 + o. What is r(b)?
-1
Let p(q) = -q - 1. Let j = -138 - -141. Suppose -5*f = 5, -j*f + 8 = -w + 6. Determine p(w).
4
Let f(a) = a**3 - 6*a**2 - 3*a - 100. Let m be f(8). Suppose x + 2*x - 132 = 0. Suppose -x = m*g - 48. Let l(z) = -12*z**2 - 2*z + 1. What is l(g)?
-13
Suppose -5*k + 4*k + 20 = 3*r, 20 = -5*k. Let d be (44096/56)/r - 3/7. Let v = 101 - d. Let b(z) = z**3 - z**2 - 3*z - 4. Determine b(v).
5
Let d(z) = 5 - 55*z + 6*z - z**2 + 8*z + 30*z + 29. Calculate d(4).
-26
Let z(y) be the third derivative of -11*y**5/60 + 7*y**4/6 + 37*y**3/6 + y**2. Let l(w) = -7*w**2 + 19*w + 25. Let d(j) = -8*l(j) + 5*z(j). What is d(11)?
-26
Let l(u) = u**2 - 12*u + 3. Let w be l(12). Let x(n) = 3*n**2 + 2*n + 0*n**3 + 1 + 2*n**3 + 0*n**w. Suppose 2*z - 13 = 4*y - 3*z, 3*z - 1 = -y. Give x(y).
-7
Let t(f) = f**3 + 50*f**2 + 82*f + 90. Let s(c) = -c**3 - 49*c**2 - 62*c - 89. Let l(j) = -4*s(j) - 3*t(j). Give l(-46).
-6
Let r(q) = 51*q + 54. Suppose 7*z - 8 = 5*z, -3*v + 9 = 3*z. Determine r(v).
3
Let u(k) be the first derivative of 0*k**3 + k**2 + 1/2*k**4 - k + 30. What is u(1)?
3
Let m = 33 + -22. Suppose -119 + 977 = m*a. Let r = a + -86. Let j(l) = l**2 + 8*l + 9. Determine j(r).
9
Suppose 0 = v - 11*v + 30. Let y(r) = 4*r**2 + 38*r**3 - 23*r**3 + r - 4*r - 16*r**v + 7. Calculate y(4).
-5
Let m(s) = -3*s**2 + 86*s + 28. Let l = 34342 + -34313. Determine m(l).
-1
Suppose -4 = v - 2. Suppose -5*k - 5 + 15 = 0. Let g(j) = 3*j**2 - 4*j**k + 1 - j - 2*j + 0*j**2. What is g(v)?
3
Let q(l) = -2*l - 1. Let k be q(2). Let g(r) = 5*r**2 - 7*r - 8. Let w = 17 + -20. Let y(m) = -2*m**2 + 2*m + 3. Let d(b) = w*g(b) - 8*y(b). Calculate d(k).
0
Let m(b) = 2*b**2 + 26*b - 57. Let s(d) = -95*d + 2092. Let r be s(22). What is m(r)?
3
Suppose -50*c = -14*c - 15192. Let i = -428 + c. Let v(u) = -3 - 4*u + 0 + 1. Calculate v(i).
22
Suppose 0 = -3*h - 3, 0 = 2*p - 4*h + 10 - 2. Let r(k) = 5*k**3 + k**2 + k + 14. Let b(u) = u**3 + 2. Let a(z) = p*b(z) + r(z). Give a(2).